 -11?
-112202111
In base 7, what is -22 - -1060?
1035
In base 13, what is 1 - -926?
927
In base 16, what is 7 - -61?
68
In base 14, what is 4b - d?
3c
In base 2, what is 1010 - -11110000?
11111010
In base 12, what is 3248 - 5?
3243
In base 12, what is 351 + 3?
354
In base 12, what is 0 - -728?
728
In base 15, what is 15 + -8?
c
In base 6, what is 21 + 11123?
11144
In base 8, what is 5 - 43?
-36
In base 13, what is 2 - 767?
-765
In base 9, what is 811 - 11?
800
In base 7, what is -6 + 6?
0
In base 16, what is -7a + -3?
-7d
In base 13, what is -118 + -9?
-124
In base 5, what is 2 - -1010?
1012
In base 7, what is 6444 + 5?
6452
In base 8, what is -13 + 3?
-10
In base 9, what is -6 - 1201?
-1207
In base 7, what is -30605 + -5?
-30613
In base 14, what is 5790 + 0?
5790
In base 7, what is -213 + 4?
-206
In base 4, what is -320 - 3?
-323
In base 7, what is 43 - 15?
25
In base 13, what is 578 - 12?
566
In base 8, what is -1062 - 3?
-1065
In base 14, what is 1 - -1240?
1241
In base 3, what is -201100 + 12?
-201011
In base 14, what is -10 - 1b?
-2b
In base 12, what is 6 + -415?
-40b
In base 15, what is -16 + -1?
-17
In base 13, what is c11 - -9?
c1a
In base 15, what is 7 + -8?
-1
In base 8, what is -10 - 24?
-34
In base 14, what is 60 + 2?
62
In base 3, what is 21112 - -10000?
101112
In base 3, what is 1010 + -22201?
-21121
In base 11, what is -19 + 14?
-5
In base 9, what is -418 + 2?
-416
In base 11, what is 295 + 5?
29a
In base 2, what is -10 - 101?
-111
In base 3, what is -100020 + 110?
-22210
In base 12, what is -1b5 - 11?
-206
In base 13, what is 3 + -134?
-131
In base 8, what is -211 - 31?
-242
In base 10, what is -2 - -75?
73
In base 15, what is 31 - 25?
b
In base 9, what is 1 + -48?
-47
In base 10, what is -80 - -3?
-77
In base 9, what is 4 - 7402?
-7387
In base 2, what is 101 - 10101?
-10000
In base 9, what is -5 + -317?
-323
In base 8, what is -1223 - -17?
-1204
In base 12, what is 71 + -1aa?
-139
In base 11, what is -508 - 0?
-508
In base 5, what is -102 - -12?
-40
In base 9, what is -41 + -23?
-64
In base 9, what is -4 - 407?
-412
In base 12, what is 7 - -45?
50
In base 7, what is -2223 + 0?
-2223
In base 2, what is -10110101 + 100?
-10110001
In base 10, what is 905 - 3?
902
In base 5, what is 0 - 141?
-141
In base 14, what is -2 + -23?
-25
In base 15, what is -2 + -8dc?
-8de
In base 11, what is -2 + -185?
-187
In base 6, what is 1 - 54?
-53
In base 14, what is -1 - -5?
4
In base 16, what is 155 + -5?
150
In base 11, what is 1 + 59?
5a
In base 15, what is 144 - -1?
145
In base 16, what is -1c + 6?
-16
In base 6, what is 12 - -413?
425
In base 14, what is 96 - -1a?
b2
In base 6, what is 2445 + 5?
2454
In base 13, what is 5 - 7?
-2
In base 10, what is 7 + 502?
509
In base 10, what is -16 - -2?
-14
In base 15, what is 24 + 176?
19a
In base 3, what is -120 - 1011?
-1201
In base 14, what is 7 - -1c1?
1c8
In base 4, what is -3203 - 2?
-3211
In base 4, what is 10310 - -13?
10323
In base 15, what is 153 + 17?
16a
In base 14, what is 2 - 1640?
-163c
In base 14, what is 5154 + -3?
5151
In base 16, what is -7 - -3a4?
39d
In base 14, what is -10 + 78?
68
In base 13, what is b29 + -5?
b24
In base 12, what is -1b36 + 2?
-1b34
In base 6, what is -3 + -15124?
-15131
In base 14, what is -4 - 13?
-17
In base 7, what is 2 + 1524?
1526
In base 7, what is 1 - 25?
-24
In base 16, what is -284 - -4?
-280
In base 12, what is -1 + -8?
-9
In base 3, what is 12 + 2010?
2022
In base 13, what is 0 - -377?
377
In base 16, what is a4 - -6?
aa
In base 3, what is 2 - 111?
-102
In base 11, what is 1 + -50a?
-509
In base 4, what is 0 - -120303?
120303
In base 14, what is -4 + -109?
-10d
In base 9, what is 402 - 0?
402
In base 5, what is 2234 - -1?
2240
In base 11, what is a601 - -4?
a605
In base 12, what is -4 - -55?
51
In base 12, what is 274 - -6?
27a
In base 6, what is -245 - -4?
-241
In base 10, what is 2 - 266?
-264
In base 10, what is -123 + 2?
-121
In base 11, what is -1378 + -4?
-1381
In base 12, what is 359 - -2?
35b
In base 12, what is -1 + -509?
-50a
In base 7, what is -2316 + -1?
-2320
In base 2, what is 101 + 111011010010?
111011010111
In base 13, what is -3 - 34?
-37
In base 12, what is -54 + 23?
-31
In base 14, what is 2 + -47?
-45
In base 12, what is -46 - b?
-55
In base 2, what is 1 - -111110000?
111110001
In base 5, what is 10 + 3033?
3043
In base 11, what is 508 - -4?
511
In base 4, what is -2230 + -2?
-2232
In base 12, what is -30 - -1?
-2b
In base 13, what is 382 + -8?
377
In base 15, what is 63 - 11?
52
In base 15, what is 2 - -48?
4a
In base 8, what is 15 + -7?
6
In base 4, what is 200 + -220?
-20
In base 16, what is 0 - 243?
-243
In base 5, what is 13 + 3402?
3420
In base 2, what is 10 - 1101110100111?
-1101110100101
In base 7, what is 25 - 43?
-15
In base 13, what is 12 + -48?
-36
In base 5, what is -2023 - -2?
-2021
In base 4, what is 0 + 3133?
3133
In base 16, what is 49 + 5?
4e
In base 13, what is 7 + -3?
4
In base 11, what is -222 + 3?
-21a
In base 12, what is 1b8 - -3?
1bb
In base 15, what is -5 - -46?
41
In base 2, what is -10000110101 + -11?
-10000111000
In base 9, what is -63 - -212?
138
In base 5, what is 0 - 300?
-300
In base 2, what is 100 + 1110?
10010
In base 15, what is -2 - -17?
15
In base 16, what is 4 + -80?
-7c
In base 7, what is 3 + -5?
-2
In base 14, what is 472 + 1?
473
In base 8, what is -3 - 274?
-277
In base 7, what is -1 - 23130?
-23131
In base 11, what is -1236 + 0?
-1236
In base 5, what is 4 + -2214?
-2210
In base 9, what is 2 - 2351?
-2348
In base 15, what is 5 + 71?
76
In base 6, what is -1043 - 2?
-1045
In base 6, what is -24301 - 5?
-24310
In base 3, what is 10222 - 1?
10221
In base 12, what is -2 - 5?
-7
In base 4, what is -120030 - 10?
-120100
In base 9, what is -10 - 3?
-13
In base 2, what is 100110001 + 11?
100110100
In base 10, what is 547 - 4?
543
In base 9, what is 244 + -21?
223
In base 15, what is 2d - -1?
2e
In base 4, what is -2 - 100313?
-100321
In base 11, what is 4 - 652?
-649
In base 6, what is -5 + -45?
-54
In base 15, what is -b + -170?
-17b
In base 3, what is 2 - 11112?
-11110
In base 7, what is -61 + -5?
-66
In base 14, what is 300a - 1?
3009
In base 8, what is -1130 - 0?
-1130
In base 11, what is 71 - 3?
69
In base 5, what is -114 - 11?
-130
In base 10, what is 13 + 1340?
1353
In base 11, what is 13a + 14?
153
In base 3, what is 11 - -101?
112
In base 14, what is -1 - 541?
-542
In base 14, what is -74 - 80?
-114
In base 5, what is -10 - -13333?
13323
In base 2, what is -111 + 110101110?
110100111
In base 12, what is 0 - 8b7?
-8b7
In base 13, what is 15 + a?
22
In base 14, what is 12a + -b?
11d
In base 6, what is -101 - 102?
-203
In base 13, what is 213 - 5?
20b
In base 13, what is -372 - 4?
-376
In base 11, what is 2 - 33?
-31
In base 11, what is -6573 + 5?
-6569
In base 5, what is 30321 + 11?
30332
In base 8, what is 35 - 77?
-42
In base 7, what is 124 + 2?
126
In base 8, what is 106 - 6?
100
In base 4, what is 222 + -3?
213
In base 7, what is 231 + 0?
231
In base 15, what is 430 - -6?
436
In base 3, what is 2 + -2002122?
-2002120
In base 9, what is -54 - -2?
-52
In base 7, what is -3115 - -2?
-3113
In base 14, what is -10 + 2?
-c
In base 14, what is -1 - 7d?
-80
In base 5, what is -1 + -121?
-122
In base 5, what is 24 - 10001?
-4422
In base 15, what is -89 + -7?
-91
In base 3, what is -1122 - 0?
-1122
In base 8, what is 725 + 0?
725
In base 5, what is 300 - 0?
300
In base 2, what is 101 - -11110011101?
11110100010
In base 16, what is 3 + -32?
-2f
In base 16, what is 2b - 1?
2a
In base 9, what is 1 - -4643?
4644
In base 6, what is -331 - -15?
-312
In base 6, what is 2012 - -21?
2033
In base 8, what is 53 - -1?
54
In base 14, what is -44 - -2?
-42
In base 7, what is 3052 + 4?
3056
In base 5, what is 130314 + 1?
130320
In base 3, what is -2011 - 10?
-2021
In base 2, what is 1101 - 1000011?
-110110
In base 11, what is -5 - -a?
5
In base 16, what is c - -3a?
46
In base 12, what is 583 + 5?
588
In base 4, what is 113033 - -21?
113120
In base 11, what is -5 + -6a?
-74
In base 9, what is -32 + 10?
-22
In base 9, what is 131 + -7?
123
In base 4, what is -10 + -2020?
-2030
In base 4, what is 3 - -120033?
120102
In base 8, what is 5 - -12517?
12524
In base 2, what is 11 + -10111?
-10100
In base 4, what is